ate the greatest common factor of 1216 and 899072.
64
Calculate the highest common divisor of 36 and 2373600.
12
Calculate the greatest common divisor of 28 and 8636404.
28
What is the highest common divisor of 404 and 663469?
101
Calculate the highest common divisor of 192 and 685584.
48
What is the greatest common divisor of 803852 and 399?
133
Calculate the highest common factor of 44 and 37004.
44
Calculate the highest common divisor of 1656 and 52488.
72
What is the greatest common divisor of 62103 and 1524?
381
Calculate the highest common divisor of 2626 and 2327949.
1313
Calculate the greatest common factor of 27176 and 11911.
43
Calculate the greatest common divisor of 82017 and 5265.
117
What is the greatest common divisor of 298 and 10535492?
298
What is the greatest common factor of 327976 and 88?
88
What is the highest common divisor of 80886 and 156?
78
Calculate the greatest common factor of 38 and 14611.
19
Calculate the greatest common divisor of 260 and 126020.
20
Calculate the highest common factor of 10292 and 248.
124
What is the greatest common factor of 347072 and 16?
16
Calculate the highest common divisor of 128 and 9321344.
128
Calculate the highest common factor of 18550 and 1650.
50
Calculate the highest common divisor of 87220 and 20.
20
What is the highest common factor of 38655 and 1215?
45
Calculate the greatest common divisor of 133 and 193914.
133
Calculate the greatest common divisor of 4840 and 104181.
121
What is the highest common factor of 9 and 12741?
3
What is the highest common divisor of 3330 and 17390?
370
What is the highest common factor of 1095 and 695?
5
Calculate the highest common factor of 450 and 66438.
18
What is the greatest common factor of 282 and 285431?
47
What is the highest common factor of 230 and 14230?
10
Calculate the greatest common factor of 864 and 442368.
864
Calculate the greatest common divisor of 130 and 466505.
65
What is the highest common factor of 9564 and 1642617?
2391
What is the highest common divisor of 12 and 626460?
12
What is the highest common divisor of 63 and 1708?
7
What is the highest common factor of 24832 and 70616?
776
What is the greatest common divisor of 3135 and 6?
3
Calculate the greatest common divisor of 80 and 8504.
8
Calculate the greatest common divisor of 210 and 42770.
70
What is the highest common divisor of 73 and 439679?
73
Calculate the greatest common factor of 41 and 7246873.
41
What is the greatest common factor of 102 and 370532?
34
Calculate the highest common factor of 80 and 80368.
16
What is the highest common factor of 10188 and 54?
18
What is the greatest common factor of 90 and 1731?
3
Calculate the highest common divisor of 374500 and 8239.
749
Calculate the highest common factor of 7 and 612577.
7
Calculate the greatest common divisor of 228 and 70053.
57
What is the highest common factor of 768 and 912?
48
What is the greatest common divisor of 987 and 490?
7
What is the highest common divisor of 147771 and 351?
351
Calculate the greatest common factor of 144 and 1776.
48
Calculate the highest common divisor of 468 and 154404.
36
Calculate the greatest common divisor of 80388 and 11466.
126
Calculate the greatest common divisor of 264592 and 23920.
368
What is the greatest common factor of 54 and 29457?
27
Calculate the greatest common factor of 57186 and 134493.
1059
Calculate the greatest common divisor of 878592 and 352.
352
Calculate the greatest common factor of 512652 and 1020.
204
What is the greatest common factor of 13854247 and 11?
11
Calculate the highest common factor of 73524 and 2.
2
What is the greatest common factor of 384 and 987048?
24
Calculate the highest common factor of 32 and 364976.
16
Calculate the greatest common factor of 156624 and 120.
24
Calculate the greatest common divisor of 36 and 971487.
9
Calculate the highest common factor of 281950 and 50.
50
What is the greatest common factor of 77 and 3487?
11
What is the greatest common divisor of 64777 and 211?
211
Calculate the greatest common factor of 168 and 1415064.
168
Calculate the greatest common factor of 184 and 42964.
92
Calculate the highest common factor of 1890 and 174510.
630
What is the greatest common divisor of 225 and 8325?
225
What is the greatest common divisor of 280 and 79660?
140
Calculate the greatest common divisor of 665 and 3787555.
95
Calculate the highest common divisor of 839515 and 38.
19
Calculate the greatest common factor of 308 and 207284.
308
What is the highest common factor of 205753 and 427?
61
What is the highest common divisor of 12260 and 3300?
20
Calculate the highest common factor of 27 and 10095543.
27
Calculate the highest common factor of 91428 and 7524.
228
Calculate the highest common factor of 2 and 219002.
2
What is the greatest common divisor of 6693 and 485?
97
What is the greatest common divisor of 8695170 and 1980?
990
Calculate the greatest common divisor of 2080 and 16800.
160
Calculate the greatest common factor of 1 and 28052.
1
Calculate the highest common factor of 7519 and 2266.
103
What is the highest common factor of 768 and 30186?
6
What is the highest common divisor of 539053 and 1887?
629
What is the greatest common factor of 16072880 and 40?
40
What is the highest common factor of 814 and 21472?
22
Calculate the highest common factor of 1469 and 5989.
113
Calculate the greatest common divisor of 4246872 and 168.
168
What is the greatest common factor of 1764 and 2202?
6
Calculate the greatest common factor of 291524 and 372.
124
What is the greatest common factor of 11766 and 9222?
318
What is the highest common divisor of 527625 and 441?
63
What is the greatest common factor of 133 and 25612?
19
What is the highest common divisor of 249658 and 129?
43
Calculate the greatest common factor of 4625 and 481.
37
Calculate the highest common divisor of 84 and 26012.
28
Calculate the greatest common divisor of 110212 and 708.
236
What is the greatest common divisor of 16 and 4138?
2
Calculate the highest common divisor of 526695 and 481.
481
Calculate the greatest common divisor of 10071 and 9342.
27
What is the greatest common divisor of 1456 and 1118?
26
Calculate the highest common factor of 558356 and 28.
4
Calculate the highest common divisor of 22 and 1903880.
22
What is the highest common factor of 350 and 1933225?
175
Calculate the greatest common factor of 181760 and 8875.
355
What is the greatest common factor of 564 and 2994276?
564
What is the highest common factor of 119075 and 550?
275
What is the greatest common factor of 4628 and 156?
52
What is the highest common divisor of 2832 and 945180?
708
Calculate the greatest common factor of 18840 and 42.
6
What is the highest common divisor of 29893 and 501?
167
What is the highest common divisor of 91 and 126243?
13
What is the greatest common factor of 1995 and 13737?
57
What is the highest common factor of 766449 and 9?
9
What is the highest common factor of 342 and 16188?
114
Calculate the greatest common factor of 516 and 255678.
258
Calculate the greatest common divisor of 2286 and 4.
2
Calculate the highest common factor of 2291467 and 1541.
1541
Calculate the greatest common factor of 637951 and 23.
23
What is the highest common divisor of 780 and 31720?
260
What is the highest common factor of 15620 and 407?
11
Calculate the highest common divisor of 914 and 1793725.
457
What is the highest common divisor of 92426 and 444?
74
What is the highest common divisor of 1256894 and 2?
2
What is the greatest common divisor of 246 and 302416?
82
Calculate the greatest common divisor of 3623233 and 298.
149
Calculate the greatest common factor of 11868 and 206724.
276
Calculate the highest common factor of 5400 and 12204.
108
What is the greatest common divisor of 8880 and 27312?
48
What is the highest common divisor of 162 and 136062?
18
Calculate the greatest common factor of 230 and 5832800.
230
What is the greatest common divisor of 2392 and 621?
23
What is the highest common divisor of 450 and 50475?
75
What is the highest common divisor of 7648 and 3872?
32
Calculate the highest common divisor of 13431 and 21201.
111
Calculate the highest common factor of 2891763 and 7.
7
Calculate the highest common factor of 597578 an